igit of 16902?
2
What is the units digit of 3229?
9
What is the tens digit of 978?
7
What is the units digit of 21739?
9
What is the hundreds digit of 75154?
1
What is the units digit of 5552?
2
What is the ten thousands digit of 38700?
3
What is the hundreds digit of 79724?
7
What is the ten thousands digit of 23397?
2
What is the tens digit of 25?
2
What is the units digit of 5132?
2
What is the units digit of 45302?
2
What is the units digit of 152996?
6
What is the hundreds digit of 4533?
5
What is the tens digit of 1539?
3
What is the thousands digit of 3221?
3
What is the thousands digit of 22212?
2
What is the units digit of 1379?
9
What is the tens digit of 4643?
4
What is the hundreds digit of 2020?
0
What is the tens digit of 20461?
6
What is the hundreds digit of 5874?
8
What is the units digit of 45605?
5
What is the ten thousands digit of 24043?
2
What is the hundreds digit of 439?
4
What is the tens digit of 1959?
5
What is the hundreds digit of 16218?
2
What is the hundreds digit of 433?
4
What is the ten thousands digit of 60364?
6
What is the tens digit of 8933?
3
What is the ten thousands digit of 27855?
2
What is the thousands digit of 1022?
1
What is the thousands digit of 1437?
1
What is the units digit of 2603?
3
What is the units digit of 84586?
6
What is the thousands digit of 4084?
4
What is the units digit of 23759?
9
What is the hundreds digit of 1930?
9
What is the units digit of 613?
3
What is the hundreds digit of 112465?
4
What is the tens digit of 269?
6
What is the ten thousands digit of 59496?
5
What is the units digit of 46151?
1
What is the hundreds digit of 32447?
4
What is the ten thousands digit of 73125?
7
What is the thousands digit of 1805?
1
What is the hundreds digit of 20351?
3
What is the thousands digit of 12864?
2
What is the units digit of 63713?
3
What is the ten thousands digit of 27376?
2
What is the thousands digit of 2796?
2
What is the hundreds digit of 58624?
6
What is the tens digit of 3665?
6
What is the tens digit of 1283?
8
What is the hundreds digit of 1515?
5
What is the thousands digit of 31847?
1
What is the units digit of 235?
5
What is the units digit of 10457?
7
What is the tens digit of 21102?
0
What is the units digit of 302?
2
What is the thousands digit of 1591?
1
What is the thousands digit of 1886?
1
What is the tens digit of 11639?
3
What is the tens digit of 69635?
3
What is the ten thousands digit of 41186?
4
What is the tens digit of 1389?
8
What is the ten thousands digit of 19382?
1
What is the units digit of 121?
1
What is the units digit of 36243?
3
What is the hundreds digit of 639?
6
What is the units digit of 1388?
8
What is the tens digit of 2009?
0
What is the tens digit of 5841?
4
What is the thousands digit of 3796?
3
What is the hundreds digit of 34544?
5
What is the units digit of 19613?
3
What is the thousands digit of 1368?
1
What is the hundreds digit of 12150?
1
What is the thousands digit of 3118?
3
What is the thousands digit of 20334?
0
What is the hundreds digit of 65221?
2
What is the units digit of 152858?
8
What is the hundreds digit of 2047?
0
What is the tens digit of 23809?
0
What is the hundreds digit of 1552?
5
What is the units digit of 63149?
9
What is the hundreds digit of 1476?
4
What is the hundreds digit of 1338?
3
What is the hundreds digit of 92279?
2
What is the thousands digit of 1512?
1
What is the units digit of 814?
4
What is the units digit of 44806?
6
What is the hundreds digit of 683?
6
What is the hundreds digit of 36461?
4
What is the units digit of 524?
4
What is the thousands digit of 4103?
4
What is the thousands digit of 8723?
8
What is the ten thousands digit of 63244?
6
What is the tens digit of 487?
8
What is the hundreds digit of 521?
5
What is the hundreds digit of 378?
3
What is the units digit of 16210?
0
What is the units digit of 898?
8
What is the tens digit of 649?
4
What is the hundreds digit of 7673?
6
What is the tens digit of 3097?
9
What is the tens digit of 18533?
3
What is the thousands digit of 29678?
9
What is the units digit of 993?
3
What is the ten thousands digit of 16229?
1
What is the units digit of 764?
4
What is the hundreds digit of 1517?
5
What is the ten thousands digit of 19145?
1
What is the units digit of 5732?
2
What is the tens digit of 1106?
0
What is the tens digit of 6009?
0
What is the units digit of 59038?
8
What is the hundreds digit of 7054?
0
What is the thousands digit of 1075?
1
What is the tens digit of 749?
4
What is the tens digit of 739?
3
What is the thousands digit of 12649?
2
What is the units digit of 6701?
1
What is the thousands digit of 1303?
1
What is the units digit of 192145?
5
What is the hundreds digit of 9453?
4
What is the tens digit of 6553?
5
What is the tens digit of 26169?
6
What is the ten thousands digit of 102276?
0
What is the units digit of 169?
9
What is the thousands digit of 2662?
2
What is the thousands digit of 9690?
9
What is the units digit of 8475?
5
What is the thousands digit of 2599?
2
What is the hundreds digit of 6462?
4
What is the hundreds digit of 27959?
9
What is the tens digit of 8414?
1
What is the tens digit of 7449?
4
What is the units digit of 56358?
8
What is the tens digit of 3978?
7
What is the thousands digit of 9004?
9
What is the units digit of 6481?
1
What is the units digit of 51995?
5
What is the tens digit of 87818?
1
What is the tens digit of 40530?
3
What is the hundreds digit of 548?
5
What is the thousands digit of 59098?
9
What is the ten thousands digit of 24627?
2
What is the units digit of 11355?
5
What is the units digit of 1241?
1
What is the tens digit of 361?
6
What is the hundreds digit of 12847?
8
What is the hundreds digit of 5491?
4
What is the tens digit of 248?
4
What is the units digit of 15786?
6
What is the hundreds digit of 806?
8
What is the hundreds digit of 3447?
4
What is the tens digit of 7817?
1
What is the hundreds digit of 1102?
1
What is the units digit of 12179?
9
What is the hundreds digit of 971?
9
What is the thousands digit of 2869?
2
What is the ten thousands digit of 22478?
2
What is the tens digit of 56575?
7
What is the ten thousands digit of 20716?
2
What is the hundred thousands digit of 112779?
1
What is the thousands digit of 27367?
7
What is the hundreds digit of 36150?
1
What is the thousands digit of 1522?
1
What is the thousands digit of 3214?
3
What is the tens digit of 1593?
9
What is the tens digit of 1912?
1
What is the tens digit of 9279?
7
What is the thousands digit of 61723?
1
What is the tens digit of 6071?
7
What is the units digit of 1369?
9
What is the hundreds digit of 6527?
5
What is the tens digit of 2339?
3
What is the tens digit of 1137?
3
What is the units digit of 76902?
2
What is the units digit of 68546?
6
What is the ten thousands digit of 17466?
1
What is the hundreds digit of 31036?
0
What is the tens digit of 11352?
5
What is the thousands digit of 4194?
4
What is the units digit of 5228?
8
What is the hundreds digit of 778?
7
What is the units digit of 347?
7
What is the ten thousands digit of 13057?
1
What is the hundreds digit of 5400?
4
What is the thousands digit of 91779?
1
What is the hundreds digit of 307?
3
What is the hundreds digit of 614?
6
What is the thousands digit of 3482?
3
What is the ten thousands digit of 49018?
4
What is the thousands digit of 1194?
1
What is the units digit of 82077?
7
What is the tens digit of 20584?
8
What is the thousands digit of 9407?
9
What is the tens digit of 11492?
9
What is the tens digit of 1272?
7
What is the thousands digit of 63094?
3
What is the thousands digit of 2719?
2
What is the tens digit of 791?
9
What is the ten thousands digit of 84475?
8
What is the units digit of 1633?
3
What is the hundreds digit of 155?
1
What is the hundreds digit of 410?
4
What is the thousands digit of 6762?
6
What is the tens digit of 73342?
4
What is the tens digit of 47?
4
What is the hundreds digit of 276?
2
What is the tens digit of 4555?
5
What is the units digit of 4459?
9
What is the tens digit of 7316?
1
What is the tens digit of 6461?
6
What is the units digit of 686?
6
What is the units digit of 878?
8
What is the tens digit of 48?
4
What is the units digit of 4744?
4
What is the thousands di